{"id":118,"date":"2015-11-25T14:03:44","date_gmt":"2015-11-25T14:03:44","guid":{"rendered":"http:\/\/vanwijaarda.nl\/?page_id=118"},"modified":"2015-12-02T08:53:32","modified_gmt":"2015-12-02T08:53:32","slug":"starters","status":"publish","type":"page","link":"https:\/\/vanwijaarda.nl\/index.php\/starters\/","title":{"rendered":"Starters"},"content":{"rendered":"<p>Een eigen zaak! Voor velen is dit een ideaal. Alles is nieuw en spannend. U wilt vol enthousiastme met uw nieuwe bedrijf beginnen, waarbij u alle hulp kunt gebruiken.<br \/>\nHet starten van een eigen zaak is dichterbij dan u denkt. Want met de professionele begeleiding en ondersteuning van Administratiekantoor van Wijaarda start u met een voorsprong.<\/p>\n<p>Voorbereiding Een startende ondernemer moet heel wat in zijn mars hebben. Wanneer u gaat ondernemen loopt u tegen veel zaken aan die goed geregeld moeten worden. Om als ondernemer succesvol te zijn, moet de start van uw bedrijf goed voorbereid zijn. In de praktijk blijkt dat de ondernemers met een goede voorbereiding een veel betere kans van slagen hebben. Banken en andere financiers hebben veel meer vertrouwen in een goed voorbereide ondernemer. Maak gebruik van onze <a href=\"http:\/\/vanwijaarda.nl\/index.php\/starters-checklist\/\">Starters Checklist<\/a>.<br \/>\nSamen met Administratiekantoor van Wijaarda komt u beslagen ten ijs.<\/p>\n<p>Continu\u00efteit Een duidelijke visie en krachtige beslissingen zijn, naast een goed product natuurlijk, d\u00e9 punten waarop uw onderneming zich onderscheidt van die van uw concurrent. U wilt duidelijkheid om de continu\u00efteit van uw bedrijf te kunnen waarborgen. Het is daarom belangrijk dat u voortdurend weet hoe uw onderneming ervoor staat.<br \/>\nUw Van Wijaarda-adviseur staart zich niet blind op cijfers, maar brengt met een scherpe, kritische blik de sterke en zwakke punten van uw onderneming aan het licht. Heldere adviezen, gebaseerd op een langetermijnvisie, geven u de mogelijkheid om dat te doen waar u goed in bent: slagvaardig ondernemen.<\/p>\n<p>Diensten Maatwerk, dat vinden wij belangrijk. Omdat geen ondernemer of bedrijf gelijk is, stemmen wij onze dienstverlening nauwkeurig af op uw wensen. Daarom scheppen we graag duidelijkheid over wat u van Administratiekantoor van Wijaarda mag verwachten:<\/p>\n<p>Het opstellen van een ondernemersplan<br \/>\nHet opzetten van de financi\u00eble administratie<br \/>\nHet opzetten van de salarisadministratie<br \/>\nFactureren, aanmanen en debiteurenbewaking<br \/>\nDiverse belastingaangiftes<br \/>\nJaarrekeningen<br \/>\nAdvisering bij personeelsuitbreiding<br \/>\nAdvisering bij investeringen<br \/>\nAdvisering bij automatisering<br \/>\nKredietaanvragen<br \/>\nSubsidies<br \/>\nGesprekken met banken, advocaten en notarissen.<\/p>\n<p>Kortom, teveel om op te noemen.<\/p>\n<p>Duur? Het starten van een onderneming brengt vele kosten met zich mee. Wij streven ernaar uw onderneming van meet af aan stabiliteit te geven. Daarom hanteren wij speciale tarieven voor startende ondernemers; wij zien dit als een investering in \u00faw bedrijf.<\/p>\n<p>Samen met Administratiekantoor van Wijaarda maakt u een perfecte start om uw droom te verwezenlijken. Reeds velen gingen u voor en plukken nu de vruchten van een succesvolle eigen zaak!<br \/>\nNeem geheel vrijblijvend <a href=\"http:\/\/vanwijaarda.nl\/index.php\/contact\/\">contact<\/a> met ons op, zodat wij samen met u kunnen bekijken hoe u het meest succesvol uw onderneming kunt starten.<br \/>\n<a href=\"http:\/\/vanwijaarda.nl\/index.php\/#section-11\">\u00ab Terug<\/a><\/p>\n","protected":false},"excerpt":{"rendered":"<p>Een eigen zaak! Voor velen is dit een ideaal. Alles is nieuw en spannend. U wilt vol enthousiastme met uw nieuwe bedrijf beginnen, waarbij u alle hulp kunt gebruiken. Het starten van een eigen zaak is dichterbij dan u denkt. Want met de professionele begeleiding en ondersteuning van Administratiekantoor van Wijaarda start u met een&#8230;<\/p>\n","protected":false},"author":2,"featured_media":0,"parent":0,"menu_order":0,"comment_status":"closed","ping_status":"closed","template":"","meta":{"footnotes":""},"class_list":["post-118","page","type-page","status-publish","hentry"],"_links":{"self":[{"href":"https:\/\/vanwijaarda.nl\/index.php\/wp-json\/wp\/v2\/pages\/118","targetHints":{"allow":["GET"]}}],"collection":[{"href":"https:\/\/vanwijaarda.nl\/index.php\/wp-json\/wp\/v2\/pages"}],"about":[{"href":"https:\/\/vanwijaarda.nl\/index.php\/wp-json\/wp\/v2\/types\/page"}],"author":[{"embeddable":true,"href":"https:\/\/vanwijaarda.nl\/index.php\/wp-json\/wp\/v2\/users\/2"}],"replies":[{"embeddable":true,"href":"https:\/\/vanwijaarda.nl\/index.php\/wp-json\/wp\/v2\/comments?post=118"}],"version-history":[{"count":4,"href":"https:\/\/vanwijaarda.nl\/index.php\/wp-json\/wp\/v2\/pages\/118\/revisions"}],"predecessor-version":[{"id":168,"href":"https:\/\/vanwijaarda.nl\/index.php\/wp-json\/wp\/v2\/pages\/118\/revisions\/168"}],"wp:attachment":[{"href":"https:\/\/vanwijaarda.nl\/index.php\/wp-json\/wp\/v2\/media?parent=118"}],"curies":[{"name":"wp","href":"https:\/\/api.w.org\/{rel}","templated":true}]}}